.
107101
List the prime factors of 8855.
5, 7, 11, 23
What are the prime factors of 70941?
3, 13, 17, 107
What are the prime factors of 2966?
2, 1483
List the prime factors of 56628.
2, 3, 11, 13
List the prime factors of 82577.
11, 7507
List the prime factors of 1251.
3, 139
What are the prime factors of 7263?
3, 269
List the prime factors of 3071.
37, 83
List the prime factors of 2644.
2, 661
What are the prime factors of 15625?
5
What are the prime factors of 12022?
2, 6011
List the prime factors of 1736.
2, 7, 31
List the prime factors of 2037.
3, 7, 97
What are the prime factors of 700?
2, 5, 7
What are the prime factors of 6591?
3, 13
List the prime factors of 62019.
3, 2297
What are the prime factors of 1987?
1987
What are the prime factors of 9118?
2, 47, 97
What are the prime factors of 10881?
3, 13, 31
What are the prime factors of 5671?
53, 107
List the prime factors of 1473.
3, 491
List the prime factors of 1489.
1489
What are the prime factors of 10623?
3, 3541
List the prime factors of 60273.
3, 37, 181
What are the prime factors of 4466?
2, 7, 11, 29
List the prime factors of 16803.
3, 1867
List the prime factors of 1928.
2, 241
What are the prime factors of 1998?
2, 3, 37
List the prime factors of 3013.
23, 131
List the prime factors of 8544.
2, 3, 89
What are the prime factors of 51536?
2, 3221
What are the prime factors of 12994?
2, 73, 89
List the prime factors of 1668.
2, 3, 139
What are the prime factors of 31459?
163, 193
What are the prime factors of 93060?
2, 3, 5, 11, 47
List the prime factors of 58357.
13, 67
List the prime factors of 1051.
1051
What are the prime factors of 10787?
7, 23, 67
List the prime factors of 878.
2, 439
What are the prime factors of 11837?
7, 19, 89
List the prime factors of 36462.
2, 3, 59, 103
List the prime factors of 9245.
5, 43
List the prime factors of 851.
23, 37
List the prime factors of 109877.
19, 5783
List the prime factors of 1691.
19, 89
List the prime factors of 67497.
3, 149, 151
What are the prime factors of 34703?
34703
List the prime factors of 5843.
5843
List the prime factors of 69936.
2, 3, 31, 47
What are the prime factors of 6714?
2, 3, 373
List the prime factors of 68372.
2, 17093
List the prime factors of 659.
659
What are the prime factors of 26416?
2, 13, 127
List the prime factors of 15614.
2, 37, 211
What are the prime factors of 8097?
3, 2699
List the prime factors of 94354.
2, 13, 19, 191
What are the prime factors of 4112?
2, 257
What are the prime factors of 288?
2, 3
What are the prime factors of 2333?
2333
What are the prime factors of 2817?
3, 313
What are the prime factors of 767?
13, 59
List the prime factors of 1156.
2, 17
What are the prime factors of 10335?
3, 5, 13, 53
What are the prime factors of 1815?
3, 5, 11
List the prime factors of 748.
2, 11, 17
List the prime factors of 2007.
3, 223
List the prime factors of 30749.
97, 317
List the prime factors of 25857.
3, 13, 17
List the prime factors of 179320.
2, 5, 4483
List the prime factors of 2129.
2129
List the prime factors of 42288.
2, 3, 881
What are the prime factors of 79787?
23, 3469
List the prime factors of 11043.
3, 409
List the prime factors of 20026.
2, 17, 19, 31
List the prime factors of 3279.
3, 1093
List the prime factors of 26023.
53, 491
What are the prime factors of 118906?
2, 59453
List the prime factors of 6239.
17, 367
What are the prime factors of 41791?
23, 79
List the prime factors of 14207.
14207
What are the prime factors of 842?
2, 421
What are the prime factors of 10974?
2, 3, 31, 59
What are the prime factors of 85452?
2, 3, 7121
List the prime factors of 4660.
2, 5, 233
List the prime factors of 2026.
2, 1013
What are the prime factors of 660?
2, 3, 5, 11
What are the prime factors of 21768?
2, 3, 907
List the prime factors of 3871.
7, 79
List the prime factors of 3749.
23, 163
What are the prime factors of 3392?
2, 53
What are the prime factors of 5979?
3, 1993
List the prime factors of 9262.
2, 11, 421
What are the prime factors of 10803?
3, 13, 277
List the prime factors of 162.
2, 3
What are the prime factors of 1950?
2, 3, 5, 13
List the prime factors of 34057.
34057
What are the prime factors of 1437?
3, 479
List the prime factors of 1105.
5, 13, 17
List the prime factors of 555.
3, 5, 37
List the prime factors of 232.
2, 29
List the prime factors of 6427.
6427
List the prime factors of 37036.
2, 47, 197
List the prime factors of 17151.
3, 5717
What are the prime factors of 8809?
23, 383
What are the prime factors of 8603?
7, 1229
List the prime factors of 6181.
7, 883
List the prime factors of 83.
83
List the prime factors of 276.
2, 3, 23
List the prime factors of 17181.
3, 23, 83
What are the prime factors of 504?
2, 3, 7
What are the prime factors of 29921?
29921
What are the prime factors of 18880?
2, 5, 59
What are the prime factors of 1348?
2, 337
What are the prime factors of 54717?
3, 13, 23, 61
What are the prime factors of 2980?
2, 5, 149
What are the prime factors of 7167?
3, 2389
What are the prime factors of 86843?
86843
What are the prime factors of 30096?
2, 3, 11, 19
List the prime factors of 1057.
7, 151
What are the prime factors of 6037?
6037
List the prime factors of 524.
2, 131
List the prime factors of 30644.
2, 47, 163
What are the prime factors of 48685?
5, 7, 13, 107
List the prime factors of 33972.
2, 3, 19, 149
What are the prime factors of 60997?
181, 337
List the prime factors of 1882.
2, 941
What are the prime factors of 4290?
2, 3, 5, 11, 13
What are the prime factors of 1921?
17, 113
List the prime factors of 560.
2, 5, 7
What are the prime factors of 9696?
2, 3, 101
What are the prime factors of 41275?
5, 13, 127
List the prime factors of 15227.
15227
What are the prime factors of 88960?
2, 5, 139
List the prime factors of 13340.
2, 5, 23, 29
What are the prime factors of 969?
3, 17, 19
List the prime factors of 2446.
2, 1223
List the prime factors of 87423.
3, 7, 23, 181
List the prime factors of 1200.
2, 3, 5
What are the prime factors of 4550?
2, 5, 7, 13
What are the prime factors of 8577?
3, 953
What are the prime factors of 80610?
2, 3, 5, 2687
What are the prime factors of 762?
2, 3, 127
What are the prime factors of 2871?
3, 11, 29
List the prime factors of 5097.
3, 1699
List the prime factors of 7017.
3, 2339
List the prime factors of 9554.
2, 17, 281
What are the prime factors of 76952?
2, 9619
What are the prime factors of 50763?
3, 16921
What are the prime factors of 25607?
29, 883
List the prime factors of 10785.
3, 5, 719
List the prime factors of 30173.
11, 13, 211
What are the prime factors of 9309?
3, 29, 107
List the prime factors of 113261.
53, 2137
List the prime factors of 34431.
3, 23, 499
What are the prime factors of 841?
29
What are the prime factors of 720?
2, 3, 5
List the prime factors of 978.
2, 3, 163
What are the prime factors of 7437?
3, 37, 67
List the prime factors of 20946.
2, 3, 3491
List the prime factors of 16119.
3, 199
What are the prime factors of 15070?
2, 5, 11, 137
What are the prime factors of 686?
2, 7
List the prime factors of 6999.
3, 2333
List the prime factors of 5638.
2, 2819
List the prime factors of 883.
883
What are the prime factors of 2715?
3, 5, 181
List the prime factors of 1872.
2, 3, 13
What are the prime factors of 185117?
19, 9743
List the prime factors of 9473.
9473
What are the prime factors of 1280?
2, 5
What are the prime factors of 167?
167
What are the prime factors of 1726?
2, 863
List the prime factors of 22227.
3, 31, 239
List the prime factors of 20659.
73, 283
List the prime factors of 8461.
8461
What are the prime factors of 9153?
3, 113
List the prime factors of 342.
2, 3, 19
What are the prime factors of 9852?
2, 3, 821
What are the prime factors of 12310?
2, 5, 1231
List the prime factors of 648.
2, 3
What are the prime factors of 2246?
2, 1123
List the prime factors of 1133.
11, 103
List the prime factors of 695.
5, 139
List the prime factors of 33901.
7, 29, 167
What are the prime factors of 85630?
2, 5, 8563
List the prime factors of 22997.
13, 29, 61
What are the prime factors of 16504?
2, 2063
What are the prime factors of 1396?
2, 349
What are the prime factors of 5698?
2, 7, 11, 37
List the prime factors of 4952.
2, 619
What are the prime fact